4874 and 201.
201
What is the greatest common divisor of 4350 and 60?
30
What is the greatest common factor of 7533 and 651?
93
What is the highest common divisor of 260 and 416?
52
Calculate the greatest common divisor of 4859 and 452.
113
Calculate the greatest common factor of 8784 and 144.
144
What is the highest common divisor of 32 and 4?
4
What is the greatest common factor of 882 and 414?
18
What is the greatest common divisor of 550 and 176?
22
What is the greatest common factor of 36 and 60?
12
Calculate the greatest common factor of 21 and 588.
21
Calculate the highest common divisor of 297 and 837.
27
Calculate the greatest common divisor of 72 and 88.
8
What is the greatest common factor of 44 and 396?
44
Calculate the greatest common factor of 12024 and 48.
24
Calculate the highest common factor of 24 and 136.
8
Calculate the greatest common factor of 209 and 38.
19
Calculate the highest common divisor of 2484 and 27.
27
What is the greatest common divisor of 39 and 91?
13
Calculate the highest common divisor of 18 and 450.
18
Calculate the greatest common divisor of 4075 and 50.
25
What is the highest common divisor of 40 and 380?
20
Calculate the greatest common divisor of 19 and 3515.
19
What is the greatest common divisor of 106 and 62858?
106
Calculate the highest common factor of 184 and 138.
46
Calculate the greatest common factor of 60 and 1668.
12
Calculate the greatest common factor of 46 and 161.
23
What is the greatest common factor of 384 and 24?
24
What is the greatest common factor of 188 and 1833?
47
Calculate the greatest common factor of 49 and 1225.
49
Calculate the highest common divisor of 79 and 1.
1
Calculate the greatest common factor of 42 and 1022.
14
What is the highest common factor of 725 and 58?
29
Calculate the greatest common factor of 259 and 14.
7
Calculate the highest common factor of 8 and 5128.
8
What is the greatest common factor of 192 and 258?
6
What is the highest common factor of 42 and 14553?
21
What is the greatest common factor of 2 and 206?
2
What is the highest common factor of 375 and 300?
75
Calculate the greatest common factor of 61 and 549.
61
What is the greatest common factor of 64 and 20?
4
What is the highest common divisor of 155 and 31?
31
What is the highest common factor of 67 and 134?
67
What is the greatest common divisor of 2 and 64?
2
Calculate the greatest common factor of 3008 and 160.
32
What is the highest common divisor of 18 and 234?
18
Calculate the highest common factor of 119 and 765.
17
What is the highest common divisor of 27038 and 22?
22
What is the greatest common factor of 125229 and 19?
19
What is the highest common factor of 220 and 8250?
110
What is the greatest common divisor of 1768 and 2873?
221
What is the greatest common divisor of 2034 and 18?
18
What is the greatest common factor of 120 and 96?
24
What is the highest common divisor of 558 and 1457?
31
What is the highest common factor of 3741 and 172?
43
What is the highest common factor of 975 and 403?
13
Calculate the greatest common factor of 24 and 3.
3
Calculate the greatest common divisor of 22 and 2486.
22
Calculate the highest common divisor of 4587 and 66.
33
What is the highest common factor of 108 and 78?
6
What is the greatest common divisor of 51 and 6?
3
Calculate the greatest common factor of 804 and 12.
12
What is the greatest common divisor of 2123 and 11?
11
Calculate the greatest common factor of 135 and 459.
27
What is the greatest common factor of 2166 and 96?
6
Calculate the highest common divisor of 17 and 1003.
17
What is the greatest common factor of 6240 and 650?
130
What is the greatest common divisor of 75 and 1425?
75
Calculate the highest common factor of 1963 and 13.
13
What is the highest common divisor of 13 and 17173?
13
Calculate the greatest common factor of 1079 and 13.
13
What is the highest common factor of 4753 and 98?
49
Calculate the greatest common factor of 9 and 33273.
9
What is the highest common divisor of 620 and 1736?
124
What is the greatest common divisor of 810 and 36?
18
Calculate the highest common divisor of 240 and 176.
16
What is the greatest common factor of 5 and 1995?
5
Calculate the greatest common divisor of 1539 and 57.
57
What is the greatest common divisor of 63 and 153?
9
What is the highest common factor of 624 and 96?
48
Calculate the greatest common factor of 64 and 1696.
32
Calculate the greatest common factor of 144 and 528.
48
What is the greatest common divisor of 20 and 29520?
20
What is the greatest common factor of 572 and 44?
44
What is the highest common divisor of 1088 and 68?
68
Calculate the greatest common factor of 1428 and 17.
17
Calculate the highest common factor of 904 and 104.
8
Calculate the highest common factor of 49908 and 24.
12
Calculate the highest common factor of 126 and 112.
14
What is the greatest common factor of 11 and 5951?
11
What is the highest common factor of 13495 and 5?
5
What is the greatest common divisor of 35 and 40?
5
Calculate the highest common factor of 442 and 34.
34
What is the greatest common factor of 128 and 736?
32
Calculate the greatest common factor of 9569 and 7.
7
Calculate the highest common divisor of 52 and 24.
4
Calculate the highest common factor of 35 and 385.
35
Calculate the highest common factor of 105 and 60.
15
What is the highest common factor of 300 and 120?
60
Calculate the highest common divisor of 2780 and 20.
20
Calculate the greatest common divisor of 261 and 29.
29
What is the highest common divisor of 40 and 380?
20
Calculate the greatest common divisor of 60 and 2110.
10
What is the highest common divisor of 19386 and 54?
54
Calculate the highest common divisor of 204 and 748.
68
What is the highest common factor of 1482 and 39?
39
Calculate the greatest common divisor of 10985 and 130.
65
What is the greatest common divisor of 120 and 20064?
24
What is the highest common factor of 36 and 1098?
18
What is the greatest common divisor of 2 and 44?
2
Calculate the greatest common divisor of 24 and 156.
12
What is the greatest common factor of 53 and 54113?
53
What is the greatest common divisor of 9171 and 36?
9
What is the highest common factor of 18 and 144?
18
What is the highest common divisor of 1404 and 442?
26
Calculate the highest common factor of 150 and 840.
30
What is the highest common divisor of 32 and 224?
32
What is the greatest common factor of 86 and 473?
43
Calculate the highest common divisor of 1586 and 732.
122
What is the greatest common divisor of 207 and 161?
23
What is the greatest common factor of 25 and 65?
5
What is the greatest common factor of 168 and 112?
56
What is the highest common factor of 245 and 10?
5
What is the greatest common factor of 6086 and 1969?
179
What is the greatest common factor of 24 and 432?
24
Calculate the greatest common divisor of 1923 and 1.
1
What is the highest common divisor of 104 and 16?
8
What is the highest common factor of 8 and 12?
4
Calculate the highest common factor of 5142 and 6.
6
Calculate the greatest common factor of 918 and 54.
54
What is the greatest common factor of 82484 and 68?
68
What is the highest common factor of 6613 and 51?
17
Calculate the greatest common divisor of 49 and 24.
1
What is the highest common divisor of 469 and 63?
7
Calculate the greatest common divisor of 84 and 6972.
84
Calculate the highest common factor of 605 and 3267.
121
What is the greatest common factor of 38 and 51262?
38
Calculate the greatest common divisor of 63 and 231.
21
Calculate the greatest common divisor of 85 and 425.
85
What is the greatest common divisor of 20 and 170?
10
Calculate the highest common factor of 3 and 489.
3
What is the greatest common divisor of 7 and 56?
7
What is the highest common divisor of 700 and 49?
7
Calculate the greatest common factor of 240 and 14120.
40
What is the highest common factor of 7 and 525?
7
What is the greatest common divisor of 217 and 1519?
217
Calculate the greatest common divisor of 644 and 133.
7
Calculate the highest common factor of 306 and 126.
18
Calculate the highest common divisor of 77 and 1463.
77
Calculate the highest common divisor of 18 and 243.
9
What is the highest common factor of 186 and 589?
31
What is the greatest 